= -4*s**2 - 27*s - 31. Let t(d) = -10*d**2 + 3*d**2 - 63 - 53*d + 0*d**2. Let m(l) = -5*n(l) + 3*t(l). What is the units digit of m(-16)?
4
Let j(x) = -58*x + 14672. What is the ten thousands digit of j(22)?
1
Let y(g) = 16*g + 1. Let f be y(-16). Let o = 383 + f. What is the hundreds digit of o?
1
Let s(n) = -64*n + 56. Let b(z) = 127*z - 112. Let m(j) = 4*b(j) + 7*s(j). What is the units digit of m(9)?
4
What is the hundreds digit of ((-98)/35)/((-24)/191130) - (-15)/6?
3
Suppose 4*m = -4*l + 12, -2*m + 1 = -2*l + 3*l. Suppose 3*n - 2 = y - 1, l*n + 15 = 5*y. Suppose n*z = -z + 6. What is the units digit of z?
2
Let v(o) = -o**2 + 10*o + 77. Let m be v(15). Suppose -1 = -5*z + 39. Suppose -15 = 5*t, -m*w = -t - 117 + z. What is the units digit of w?
3
Let q = 1386 - -9990. Suppose -10*f = 8*f - q. What is the tens digit of f?
3
Let r = 72 + 130. Let a = 55 + r. What is the tens digit of a?
5
Let y = -28138 + 53154. What is the units digit of y?
6
Suppose 3*x - 426 = 2*q + 1525, 2*x - 2*q = 1302. Suppose -5*g + 2*r = -2003 - 1216, 0 = g - 3*r - x. What is the tens digit of g?
4
Suppose 310*v - 317*v = -22862. What is the tens digit of v?
6
Suppose -14 = 2*i - 16. What is the hundreds digit of (0 - -5 - 7) + (362 - i)?
3
Suppose -5*p - 179498 = -4*l, -3*l = 29*p - 32*p - 134625. What is the hundreds digit of l?
8
Let a = 1 + -1. Let i be ((-2592)/120)/9*(-970)/4. Suppose -108*g + 111*g - i = a. What is the units digit of g?
4
Suppose 4*j = 240 + 8. Let u be (-2 + 5)/(3/(-4)). Let a = j + u. What is the units digit of a?
8
Let p(h) = 5*h**2 - 81*h + 1070. What is the hundreds digit of p(68)?
6
Let d = 14606 + -3500. What is the tens digit of d?
0
Suppose -68 - 134 = -2*l - 5*h, l + 4*h - 98 = 0. Suppose -8118 = l*p - 117*p. What is the tens digit of p?
3
Suppose -d = 3*s + 25065 - 65006, 2*s - 3*d = 26653. What is the tens digit of s?
1
Let o = -13 - -15. Suppose -3 = o*t - 101. Suppose -6*k + t + 47 = 0. What is the tens digit of k?
1
Suppose z - 5*k - 16 = -0*z, 5*z - k = 80. Let c = 140 - 75. Suppose c*u = 64*u + z. What is the units digit of u?
6
What is the hundreds digit of 1*(-5)/(-10)*29650?
8
Let r = 78607 + -44099. What is the thousands digit of r?
4
Suppose 0 = 4*o + k - 31024, 0 = 3*o - 7*k + 6*k - 23268. What is the hundreds digit of o?
7
Let x = 51497 + -7832. What is the ten thousands digit of x?
4
Let u(w) = w**2 + w + 2145. Let q be u(0). Suppose 129 - q = -6*r. What is the tens digit of r?
3
Let g(m) be the second derivative of -17*m**3/2 + m**2/2 - m. Let j = -7177 + 7176. What is the units digit of g(j)?
2
Let d(p) = 2148*p + 356. What is the tens digit of d(6)?
4
Suppose 45*k - 51*k = 0. Suppose -5*d - 4915 = -22*w + 17*w, -2*w - d + 1960 = k. What is the units digit of w?
1
Let s(f) = -168*f - 4399. What is the thousands digit of s(-117)?
5
Let p be ((-52)/(-8))/((-10)/(-940)). Let b = p - 326. What is the units digit of b?
5
Suppose -3*j - 4449 = -5*u, -25*j = -30*j + 10. What is the hundreds digit of u?
8
Suppose 0 = 1057*o - 1000*o - 2797560. What is the ten thousands digit of o?
4
Let z(p) = 3*p + 16. Let g(l) = 2*l - 1. Let w(m) = 6*g(m) + z(m). What is the tens digit of w(37)?
6
Let p(u) = -u + 6. Let b be p(3). Suppose 2 = b*l + 8. Let m = 38 - l. What is the tens digit of m?
4
Let y = 34 - 88. What is the tens digit of (2*12/(-8) - y) + 1?
5
Let k(y) = -357*y + 2237. What is the tens digit of k(-5)?
2
Suppose -185*w = -116*w - 111*w + 312102. What is the thousands digit of w?
7
Suppose -3*w + 0 = -3*p + 3, -3*w = p - 1. Suppose -s + f + 2 = 0, -2*s - 3*f - 1 + 5 = w. Suppose s*l = 303 + 171. What is the hundreds digit of l?
2
Let f be ((-10)/8)/(-1 - 49/(-56)). What is the units digit of ((-12)/(-15) + f/(-25))*365?
6
Let t(k) = -7*k**3 + 4*k**2 + 2*k - 2. Let v be t(-7). Suppose -5*m - 16*a + v = -17*a, 0 = 3*m + a - 1547. What is the tens digit of m?
1
Let v = 148512 - 89721. What is the units digit of v?
1
Let i = -129 + 669. Let s = -32 + i. What is the tens digit of s?
0
Let v = 903 - 138. Suppose 4*y + b - 1273 = 0, v + 502 = 4*y + 3*b. What is the tens digit of y?
1
Suppose -252*g + 191*g = -2776049. What is the ten thousands digit of g?
4
Let f = 8 + -9. Let b(s) = -40*s**3 + 2*s**2 + 2*s + 70*s**3 - 36*s**3. What is the units digit of b(f)?
6
Let r(y) = y**2 + y - 1. Let x(b) = -20*b**2 + 2*b. Let s(i) = -2*r(i) - x(i). Let v = -7 + 9. What is the tens digit of s(v)?
6
Let l(z) be the first derivative of 8*z**3 + 26*z**2 + 7*z - 203. What is the tens digit of l(-7)?
1
Let t be ((-10)/(-3) - 0)*-9. Let p = -118 - t. Let h = -3 - p. What is the units digit of h?
5
Let v = -957 - -949. What is the hundreds digit of 2 + (v/(-28) - (-29247)/21)?
3
Let i = -237 - -241. What is the tens digit of i/(-12) + 14808/36?
1
Suppose 3*y + 4*a = -2*y + 17284, 0 = 4*y + 4*a - 13824. Suppose c + y = 5*z - 3*c, 3*z - 5*c - 2089 = 0. What is the tens digit of z?
8
What is the hundreds digit of 4 + 9 + (-8 - -4736)?
7
Suppose -2*j = -3*j - 4*m + 135, -2*m + 585 = 5*j. Suppose -7*d = -3*d. Suppose -10*g + 9*g + j = d. What is the tens digit of g?
1
Let a(q) = 4*q**3 - 213*q**2 - 112*q - 124. What is the units digit of a(54)?
6
Let s be (-230996)/136 + 2/8*2. Let j = -840 - s. What is the units digit of j?
8
Let v = 109 + -102. Suppose -v*w + 16 = w. Suppose w*q = -5*q + 742. What is the hundreds digit of q?
1
Suppose 49*i - 910 = 23*i. Suppose 0 = i*u + 1059 - 53209. What is the tens digit of u?
9
Let i be (-3)/(-5 + 4*4588/3672). Suppose 6*z - 2*w = z + i, 2*z + 5*w = 574. What is the tens digit of z?
7
Suppose -5341*r + 5321*r = -1515160. What is the units digit of r?
8
Let b = -4006 - -4692. What is the tens digit of b?
8
Let y = -85 + -83. Let k = 308 + -35. Let x = y + k. What is the units digit of x?
5
Let r be (-10 - 5621/(-22))*(4 - 2). Let x = 834 - r. What is the hundreds digit of x?
3
Suppose 4*n - 19 = -y + 6*y, -24 = -4*n + 4*y. Suppose n*p - 2740 = 2100. What is the tens digit of p?
4
Suppose -3854 = -2*o - 314. Suppose -5*k = k - o. What is the units digit of k?
5
Let m = 83 + -101. Let z be 45/3*(-2)/m*-3. Let v = z - -202. What is the tens digit of v?
9
Let a(i) = i**2 - 127*i + 636. Let v be a(5). Suppose -29 = 5*j - 879. What is the tens digit of j/(-4)*v/(-13)?
8
Let m(f) = 2007*f - 384. What is the ten thousands digit of m(7)?
1
Let p(c) = -2*c - 23. Let f be p(-15). Suppose -5*a - 6 = -f*a. Suppose r - 425 = -3*b, -5*b = 4*r - a*r - 711. What is the hundreds digit of b?
1
What is the hundreds digit of (4 - 4/2)/((-68)/(-25534))?
7
Suppose -3*i = -0*i + 6, -4*n - 4230 = 3*i. What is the hundreds digit of 19/(-8*3/n)?
8
Let v(x) = 586*x**2 + 27*x - 49. Let b be v(2). Suppose -5*o = 0, -2*o - 1032 - b = -3*m. What is the tens digit of m?
2
Suppose -186240 = -526*z + 518*z. What is the hundreds digit of z?
2
Let v = 447 + -437. What is the units digit of (-11901)/(-9) + (120/(-9))/v?
1
Suppose 5*f - 47010 = -5*v, f + 20609 + 17034 = 4*v. What is the units digit of v?
9
What is the thousands digit of (-65085)/(-25) + 44/(-110)?
2
Let b(h) = -9*h**2 + 4*h - 23. Let w(u) = -u**2 + u - 1. Let f = 68 - 69. Let q(p) = f*b(p) + 5*w(p). What is the tens digit of q(6)?
6
Let o(i) = 80*i + 1236. What is the hundreds digit of o(11)?
1
Suppose 2*s - 3*u - 137 = 0, -35 - 151 = -3*s - 2*u. Let z = 58 - s. Let q = 54 - z. What is the units digit of q?
0
Suppose -1116 = -17*s + 16*s. Let g = s + -636. What is the hundreds digit of g?
4
Let b be (2 - 3) + -5 + (1 - -6). Let w be b + (-3 - -5) + 1. What is the tens digit of w/(-20) + 363/15*1?
2
Let t = 2136 + -3037. Let z = t + 1530. What is the tens digit of z?
2
Let t be (-66)/((-3 - -1)/12). Let z be 9/(-15) + t/10. Let u = z + -3. What is the tens digit of u?
3
Let y(l) = l**3 - 6*l**2 - 6*l - 9. Let w be y(7). Let s(t) = 63*t + 12. Let a(p) = -40*p - 6. Let n(c) = 5*a(c) + 3*s(c). What is the tens digit of n(w)?
2
Suppose -5*c - 3*y + 23657 = 0, 5*y - 2752 - 1997 = -c. What is the tens digit of c?
2
Suppose -3*a + 765 + 1007 = -4*t, 0 = 3*t - 12. Suppose a = 2*y - y + 4*x, 4*y - x = 2469. Suppose 8*q = q + y. What is the tens digit of q?
8
Let b be (-6)/1 - -2 - -1. Let x be b/8 - 58/16. What is the units digit of (2/6)/(x/(-1908))?
9
Let y(s) be the third derivative